{"id":7370,"date":"2020-05-18T19:24:50","date_gmt":"2020-05-18T17:24:50","guid":{"rendered":"https:\/\/www.formations-bien-etre.com\/produit\/praticien-personnes-agees-handicap-moteur\/"},"modified":"2023-08-09T18:12:14","modified_gmt":"2023-08-09T16:12:14","slug":"praticien-personnes-agees-handicap-moteur","status":"publish","type":"product","link":"https:\/\/www.formations-bien-etre.com\/es\/produit\/praticien-personnes-agees-handicap-moteur\/","title":{"rendered":"Practicante para ancianos y personas con discapacidad motriz"},"content":{"rendered":"<p>Su misi\u00f3n ser\u00e1 mejorar el cuerpo y la mente, mostrar a las personas que siguen siendo ricas en sensaciones de bienestar y que todav\u00eda tienen un potencial inestimable para la vida y el bienestar.<br \/>\nLa situaci\u00f3n de las personas mayores en Francia tiene sus propias caracter\u00edsticas, pero tambi\u00e9n est\u00e1 ligada a las condiciones en que se les atiende.<br \/>\nNecesitan profesionales que se preocupen tambi\u00e9n de su bienestar emocional, psicol\u00f3gico y mental. Un cuerpo sano no basta para alcanzar la felicidad.<\/p>\n<p style=\"text-align: center\"><strong>\u00a0<\/strong><\/p>\n","protected":false},"excerpt":{"rendered":"<p><strong>De 6 a 8 m\u00f3dulos de formaci\u00f3n<br \/>\nEl aumento del n\u00famero de personas mayores exige una mayor profesionalidad en el \u00e1mbito del bienestar, y todav\u00eda son muy pocos los que ofrecen este tipo de apoyo.<\/strong><\/p>\n","protected":false},"featured_media":5634,"template":"","meta":{"_acf_changed":false,"_exactmetrics_skip_tracking":false,"_exactmetrics_sitenote_active":false,"_exactmetrics_sitenote_note":"","_exactmetrics_sitenote_category":0},"product_brand":[],"product_cat":[355,359],"product_tag":[304,82,78,305,306,274,307,182,303,308,75,86],"class_list":{"0":"post-7370","1":"product","2":"type-product","3":"status-publish","4":"has-post-thumbnail","6":"product_cat-entrenamiento-de-bienestar","7":"product_cat-formations-metiers-bien-etre-es","8":"product_tag-aide-personne-agees","9":"product_tag-ecole-formation-massage","10":"product_tag-ecole-sophrologie-distance","11":"product_tag-epad","12":"product_tag-les-metiers-de-lage","13":"product_tag-massage-personnes-agees","14":"product_tag-massage-seniors","15":"product_tag-massage-bien-etre","16":"product_tag-praticien-personne-agee-et-handicap-moteur","17":"product_tag-soins-seniors","18":"product_tag-tele-sophrologie","19":"product_tag-yoga","21":"first","22":"instock","23":"featured","24":"sold-individually","25":"taxable","26":"shipping-taxable","27":"purchasable","28":"product-type-variable"},"acf":[],"yoast_head":"<!-- This site is optimized with the Yoast SEO plugin v27.4 - https:\/\/yoast.com\/product\/yoast-seo-wordpress\/ -->\n<title>Practicante para ancianos y personas con discapacidad motriz - Formation Sophrologie Massage \u00e0 distance<\/title>\n<meta name=\"description\" content=\"Praticien personne \u00e2g\u00e9e et handicap moteur. Votre mission sera de lui montrer qu\u2019elle est encore riche en sensations de bien-\u00eatre et de le lui faire vivre\" \/>\n<meta name=\"robots\" content=\"index, follow, max-snippet:-1, max-image-preview:large, max-video-preview:-1\" \/>\n<link rel=\"canonical\" href=\"https:\/\/www.formations-bien-etre.com\/es\/produit\/praticien-personnes-agees-handicap-moteur\/\" \/>\n<meta property=\"og:locale\" content=\"es_ES\" \/>\n<meta property=\"og:type\" content=\"article\" \/>\n<meta property=\"og:title\" content=\"Les personnes \u00e2g\u00e9es re\u00e7oivent-elle assez de soins et d&#039;amour ?\" \/>\n<meta property=\"og:description\" content=\"Praticien personne \u00e2g\u00e9e et handicap moteur. Votre mission sera de lui montrer qu\u2019elle est encore riche en sensations de bien-\u00eatre et de le lui faire vivre.\" \/>\n<meta property=\"og:url\" content=\"https:\/\/www.formations-bien-etre.com\/es\/produit\/praticien-personnes-agees-handicap-moteur\/\" \/>\n<meta property=\"og:site_name\" content=\"Formation Sophrologie Massage \u00e0 distance\" \/>\n<meta property=\"article:modified_time\" content=\"2023-08-09T16:12:14+00:00\" \/>\n<meta property=\"og:image\" content=\"https:\/\/www.formations-bien-etre.com\/wp-content\/uploads\/2020\/03\/shutterstock_1505527643-e1585306741106.jpg\" \/>\n\t<meta property=\"og:image:width\" content=\"684\" \/>\n\t<meta property=\"og:image:height\" content=\"862\" \/>\n\t<meta property=\"og:image:type\" content=\"image\/jpeg\" \/>\n<meta name=\"twitter:card\" content=\"summary_large_image\" \/>\n<meta name=\"twitter:title\" content=\"Les personnes \u00e2g\u00e9es re\u00e7oivent-elle assez de soins et d&#039;amour ?\" \/>\n<meta name=\"twitter:description\" content=\"Praticien personne \u00e2g\u00e9e et handicap moteur. Votre mission sera de lui montrer qu\u2019elle est encore riche en sensations de bien-\u00eatre et de le lui faire vivre.\" \/>\n<meta name=\"twitter:label1\" content=\"Tiempo de lectura\" \/>\n\t<meta name=\"twitter:data1\" content=\"1 minuto\" \/>\n<script type=\"application\/ld+json\" class=\"yoast-schema-graph\">{\"@context\":\"https:\\\/\\\/schema.org\",\"@graph\":[{\"@type\":\"WebPage\",\"@id\":\"https:\\\/\\\/www.formations-bien-etre.com\\\/es\\\/produit\\\/praticien-personnes-agees-handicap-moteur\\\/\",\"url\":\"https:\\\/\\\/www.formations-bien-etre.com\\\/es\\\/produit\\\/praticien-personnes-agees-handicap-moteur\\\/\",\"name\":\"Practicante para ancianos y personas con discapacidad motriz - Formation Sophrologie Massage \u00e0 distance\",\"isPartOf\":{\"@id\":\"https:\\\/\\\/www.formations-bien-etre.com\\\/#website\"},\"primaryImageOfPage\":{\"@id\":\"https:\\\/\\\/www.formations-bien-etre.com\\\/es\\\/produit\\\/praticien-personnes-agees-handicap-moteur\\\/#primaryimage\"},\"image\":{\"@id\":\"https:\\\/\\\/www.formations-bien-etre.com\\\/es\\\/produit\\\/praticien-personnes-agees-handicap-moteur\\\/#primaryimage\"},\"thumbnailUrl\":\"https:\\\/\\\/www.formations-bien-etre.com\\\/wp-content\\\/uploads\\\/2020\\\/03\\\/shutterstock_1505527643-e1585306741106.jpg\",\"datePublished\":\"2020-05-18T17:24:50+00:00\",\"dateModified\":\"2023-08-09T16:12:14+00:00\",\"description\":\"Praticien personne \u00e2g\u00e9e et handicap moteur. Votre mission sera de lui montrer qu\u2019elle est encore riche en sensations de bien-\u00eatre et de le lui faire vivre\",\"breadcrumb\":{\"@id\":\"https:\\\/\\\/www.formations-bien-etre.com\\\/es\\\/produit\\\/praticien-personnes-agees-handicap-moteur\\\/#breadcrumb\"},\"inLanguage\":\"es\",\"potentialAction\":[{\"@type\":\"ReadAction\",\"target\":[\"https:\\\/\\\/www.formations-bien-etre.com\\\/es\\\/produit\\\/praticien-personnes-agees-handicap-moteur\\\/\"]}]},{\"@type\":\"ImageObject\",\"inLanguage\":\"es\",\"@id\":\"https:\\\/\\\/www.formations-bien-etre.com\\\/es\\\/produit\\\/praticien-personnes-agees-handicap-moteur\\\/#primaryimage\",\"url\":\"https:\\\/\\\/www.formations-bien-etre.com\\\/wp-content\\\/uploads\\\/2020\\\/03\\\/shutterstock_1505527643-e1585306741106.jpg\",\"contentUrl\":\"https:\\\/\\\/www.formations-bien-etre.com\\\/wp-content\\\/uploads\\\/2020\\\/03\\\/shutterstock_1505527643-e1585306741106.jpg\",\"width\":684,\"height\":862,\"caption\":\"Formations Massages personnes \u00e2g\u00e9es et soins bien-\u00eatre \u00e0 distance Ain Rh\u00f4ne Alpes Vend\u00e9e r\u00e9gion Parisienne\"},{\"@type\":\"BreadcrumbList\",\"@id\":\"https:\\\/\\\/www.formations-bien-etre.com\\\/es\\\/produit\\\/praticien-personnes-agees-handicap-moteur\\\/#breadcrumb\",\"itemListElement\":[{\"@type\":\"ListItem\",\"position\":1,\"name\":\"Home\",\"item\":\"https:\\\/\\\/www.formations-bien-etre.com\\\/es\\\/\"},{\"@type\":\"ListItem\",\"position\":2,\"name\":\"Boutique bien-\u00eatre\",\"item\":\"https:\\\/\\\/www.formations-bien-etre.com\\\/?page_id=566\"},{\"@type\":\"ListItem\",\"position\":3,\"name\":\"Practicante para ancianos y personas con discapacidad motriz\"}]},{\"@type\":\"WebSite\",\"@id\":\"https:\\\/\\\/www.formations-bien-etre.com\\\/#website\",\"url\":\"https:\\\/\\\/www.formations-bien-etre.com\\\/\",\"name\":\"Formation Sophrologie Massage \u00e0 Distance\",\"description\":\"Institut de formation en sophrologie et en bien-\u00eatre\",\"potentialAction\":[{\"@type\":\"SearchAction\",\"target\":{\"@type\":\"EntryPoint\",\"urlTemplate\":\"https:\\\/\\\/www.formations-bien-etre.com\\\/?s={search_term_string}\"},\"query-input\":{\"@type\":\"PropertyValueSpecification\",\"valueRequired\":true,\"valueName\":\"search_term_string\"}}],\"inLanguage\":\"es\"}]}<\/script>\n<!-- \/ Yoast SEO plugin. -->","yoast_head_json":{"title":"Practicante para ancianos y personas con discapacidad motriz - Formation Sophrologie Massage \u00e0 distance","description":"Praticien personne \u00e2g\u00e9e et handicap moteur. Votre mission sera de lui montrer qu\u2019elle est encore riche en sensations de bien-\u00eatre et de le lui faire vivre","robots":{"index":"index","follow":"follow","max-snippet":"max-snippet:-1","max-image-preview":"max-image-preview:large","max-video-preview":"max-video-preview:-1"},"canonical":"https:\/\/www.formations-bien-etre.com\/es\/produit\/praticien-personnes-agees-handicap-moteur\/","og_locale":"es_ES","og_type":"article","og_title":"Les personnes \u00e2g\u00e9es re\u00e7oivent-elle assez de soins et d'amour ?","og_description":"Praticien personne \u00e2g\u00e9e et handicap moteur. Votre mission sera de lui montrer qu\u2019elle est encore riche en sensations de bien-\u00eatre et de le lui faire vivre.","og_url":"https:\/\/www.formations-bien-etre.com\/es\/produit\/praticien-personnes-agees-handicap-moteur\/","og_site_name":"Formation Sophrologie Massage \u00e0 distance","article_modified_time":"2023-08-09T16:12:14+00:00","og_image":[{"width":684,"height":862,"url":"https:\/\/www.formations-bien-etre.com\/wp-content\/uploads\/2020\/03\/shutterstock_1505527643-e1585306741106.jpg","type":"image\/jpeg"}],"twitter_card":"summary_large_image","twitter_title":"Les personnes \u00e2g\u00e9es re\u00e7oivent-elle assez de soins et d'amour ?","twitter_description":"Praticien personne \u00e2g\u00e9e et handicap moteur. Votre mission sera de lui montrer qu\u2019elle est encore riche en sensations de bien-\u00eatre et de le lui faire vivre.","twitter_misc":{"Tiempo de lectura":"1 minuto"},"schema":{"@context":"https:\/\/schema.org","@graph":[{"@type":"WebPage","@id":"https:\/\/www.formations-bien-etre.com\/es\/produit\/praticien-personnes-agees-handicap-moteur\/","url":"https:\/\/www.formations-bien-etre.com\/es\/produit\/praticien-personnes-agees-handicap-moteur\/","name":"Practicante para ancianos y personas con discapacidad motriz - Formation Sophrologie Massage \u00e0 distance","isPartOf":{"@id":"https:\/\/www.formations-bien-etre.com\/#website"},"primaryImageOfPage":{"@id":"https:\/\/www.formations-bien-etre.com\/es\/produit\/praticien-personnes-agees-handicap-moteur\/#primaryimage"},"image":{"@id":"https:\/\/www.formations-bien-etre.com\/es\/produit\/praticien-personnes-agees-handicap-moteur\/#primaryimage"},"thumbnailUrl":"https:\/\/www.formations-bien-etre.com\/wp-content\/uploads\/2020\/03\/shutterstock_1505527643-e1585306741106.jpg","datePublished":"2020-05-18T17:24:50+00:00","dateModified":"2023-08-09T16:12:14+00:00","description":"Praticien personne \u00e2g\u00e9e et handicap moteur. Votre mission sera de lui montrer qu\u2019elle est encore riche en sensations de bien-\u00eatre et de le lui faire vivre","breadcrumb":{"@id":"https:\/\/www.formations-bien-etre.com\/es\/produit\/praticien-personnes-agees-handicap-moteur\/#breadcrumb"},"inLanguage":"es","potentialAction":[{"@type":"ReadAction","target":["https:\/\/www.formations-bien-etre.com\/es\/produit\/praticien-personnes-agees-handicap-moteur\/"]}]},{"@type":"ImageObject","inLanguage":"es","@id":"https:\/\/www.formations-bien-etre.com\/es\/produit\/praticien-personnes-agees-handicap-moteur\/#primaryimage","url":"https:\/\/www.formations-bien-etre.com\/wp-content\/uploads\/2020\/03\/shutterstock_1505527643-e1585306741106.jpg","contentUrl":"https:\/\/www.formations-bien-etre.com\/wp-content\/uploads\/2020\/03\/shutterstock_1505527643-e1585306741106.jpg","width":684,"height":862,"caption":"Formations Massages personnes \u00e2g\u00e9es et soins bien-\u00eatre \u00e0 distance Ain Rh\u00f4ne Alpes Vend\u00e9e r\u00e9gion Parisienne"},{"@type":"BreadcrumbList","@id":"https:\/\/www.formations-bien-etre.com\/es\/produit\/praticien-personnes-agees-handicap-moteur\/#breadcrumb","itemListElement":[{"@type":"ListItem","position":1,"name":"Home","item":"https:\/\/www.formations-bien-etre.com\/es\/"},{"@type":"ListItem","position":2,"name":"Boutique bien-\u00eatre","item":"https:\/\/www.formations-bien-etre.com\/?page_id=566"},{"@type":"ListItem","position":3,"name":"Practicante para ancianos y personas con discapacidad motriz"}]},{"@type":"WebSite","@id":"https:\/\/www.formations-bien-etre.com\/#website","url":"https:\/\/www.formations-bien-etre.com\/","name":"Formation Sophrologie Massage \u00e0 Distance","description":"Institut de formation en sophrologie et en bien-\u00eatre","potentialAction":[{"@type":"SearchAction","target":{"@type":"EntryPoint","urlTemplate":"https:\/\/www.formations-bien-etre.com\/?s={search_term_string}"},"query-input":{"@type":"PropertyValueSpecification","valueRequired":true,"valueName":"search_term_string"}}],"inLanguage":"es"}]}},"_links":{"self":[{"href":"https:\/\/www.formations-bien-etre.com\/es\/wp-json\/wp\/v2\/product\/7370","targetHints":{"allow":["GET"]}}],"collection":[{"href":"https:\/\/www.formations-bien-etre.com\/es\/wp-json\/wp\/v2\/product"}],"about":[{"href":"https:\/\/www.formations-bien-etre.com\/es\/wp-json\/wp\/v2\/types\/product"}],"wp:featuredmedia":[{"embeddable":true,"href":"https:\/\/www.formations-bien-etre.com\/es\/wp-json\/wp\/v2\/media\/5634"}],"wp:attachment":[{"href":"https:\/\/www.formations-bien-etre.com\/es\/wp-json\/wp\/v2\/media?parent=7370"}],"wp:term":[{"taxonomy":"product_brand","embeddable":true,"href":"https:\/\/www.formations-bien-etre.com\/es\/wp-json\/wp\/v2\/product_brand?post=7370"},{"taxonomy":"product_cat","embeddable":true,"href":"https:\/\/www.formations-bien-etre.com\/es\/wp-json\/wp\/v2\/product_cat?post=7370"},{"taxonomy":"product_tag","embeddable":true,"href":"https:\/\/www.formations-bien-etre.com\/es\/wp-json\/wp\/v2\/product_tag?post=7370"}],"curies":[{"name":"wp","href":"https:\/\/api.w.org\/{rel}","templated":true}]}}

<p>Su misión será mejorar el cuerpo y la mente, mostrar a las personas que siguen siendo ricas en sensaciones de bienestar y que todavía tienen un potencial inestimable para la vida y el bienestar.<br />
La situación de las personas mayores en Francia tiene sus propias características, pero también está ligada a las condiciones en que se les atiende.<br />
Necesitan profesionales que se preocupen también de su bienestar emocional, psicológico y mental. Un cuerpo sano no basta para alcanzar la felicidad.</p>
<p style="text-align: center"><strong> </strong></p>

<p><strong>De 6 a 8 módulos de formación<br />
El aumento del número de personas mayores exige una mayor profesionalidad en el ámbito del bienestar, y todavía son muy pocos los que ofrecen este tipo de apoyo.</strong></p>

<!-- This site is optimized with the Yoast SEO plugin v27.4 - https://yoast.com/product/yoast-seo-wordpress/ -->
<title>Practicante para ancianos y personas con discapacidad motriz - Formation Sophrologie Massage à distance</title>
<meta name="description" content="Praticien personne âgée et handicap moteur. Votre mission sera de lui montrer qu’elle est encore riche en sensations de bien-être et de le lui faire vivre" />
<meta name="robots" content="index, follow, max-snippet:-1, max-image-preview:large, max-video-preview:-1" />
<link rel="canonical" href="https://www.formations-bien-etre.com/es/produit/praticien-personnes-agees-handicap-moteur/" />
<meta property="og:locale" content="es_ES" />
<meta property="og:type" content="article" />
<meta property="og:title" content="Les personnes âgées reçoivent-elle assez de soins et d&#039;amour ?" />
<meta property="og:description" content="Praticien personne âgée et handicap moteur. Votre mission sera de lui montrer qu’elle est encore riche en sensations de bien-être et de le lui faire vivre." />
<meta property="og:url" content="https://www.formations-bien-etre.com/es/produit/praticien-personnes-agees-handicap-moteur/" />
<meta property="og:site_name" content="Formation Sophrologie Massage à distance" />
<meta property="article:modified_time" content="2023-08-09T16:12:14+00:00" />
<meta property="og:image" content="https://www.formations-bien-etre.com/wp-content/uploads/2020/03/shutterstock_1505527643-e1585306741106.jpg" />
	<meta property="og:image:width" content="684" />
	<meta property="og:image:height" content="862" />
	<meta property="og:image:type" content="image/jpeg" />
<meta name="twitter:card" content="summary_large_image" />
<meta name="twitter:title" content="Les personnes âgées reçoivent-elle assez de soins et d&#039;amour ?" />
<meta name="twitter:description" content="Praticien personne âgée et handicap moteur. Votre mission sera de lui montrer qu’elle est encore riche en sensations de bien-être et de le lui faire vivre." />
<meta name="twitter:label1" content="Tiempo de lectura" />
	<meta name="twitter:data1" content="1 minuto" />
<script type="application/ld+json" class="yoast-schema-graph">{"@context":"https:\/\/schema.org","@graph":[{"@type":"WebPage","@id":"https:\/\/www.formations-bien-etre.com\/es\/produit\/praticien-personnes-agees-handicap-moteur\/","url":"https:\/\/www.formations-bien-etre.com\/es\/produit\/praticien-personnes-agees-handicap-moteur\/","name":"Practicante para ancianos y personas con discapacidad motriz - Formation Sophrologie Massage à distance","isPartOf":{"@id":"https:\/\/www.formations-bien-etre.com\/#website"},"primaryImageOfPage":{"@id":"https:\/\/www.formations-bien-etre.com\/es\/produit\/praticien-personnes-agees-handicap-moteur\/#primaryimage"},"image":{"@id":"https:\/\/www.formations-bien-etre.com\/es\/produit\/praticien-personnes-agees-handicap-moteur\/#primaryimage"},"thumbnailUrl":"https:\/\/www.formations-bien-etre.com\/wp-content\/uploads\/2020\/03\/shutterstock_1505527643-e1585306741106.jpg","datePublished":"2020-05-18T17:24:50+00:00","dateModified":"2023-08-09T16:12:14+00:00","description":"Praticien personne âgée et handicap moteur. Votre mission sera de lui montrer qu’elle est encore riche en sensations de bien-être et de le lui faire vivre","breadcrumb":{"@id":"https:\/\/www.formations-bien-etre.com\/es\/produit\/praticien-personnes-agees-handicap-moteur\/#breadcrumb"},"inLanguage":"es","potentialAction":[{"@type":"ReadAction","target":["https:\/\/www.formations-bien-etre.com\/es\/produit\/praticien-personnes-agees-handicap-moteur\/"]}]},{"@type":"ImageObject","inLanguage":"es","@id":"https:\/\/www.formations-bien-etre.com\/es\/produit\/praticien-personnes-agees-handicap-moteur\/#primaryimage","url":"https:\/\/www.formations-bien-etre.com\/wp-content\/uploads\/2020\/03\/shutterstock_1505527643-e1585306741106.jpg","contentUrl":"https:\/\/www.formations-bien-etre.com\/wp-content\/uploads\/2020\/03\/shutterstock_1505527643-e1585306741106.jpg","width":684,"height":862,"caption":"Formations Massages personnes âgées et soins bien-être à distance Ain Rhône Alpes Vendée région Parisienne"},{"@type":"BreadcrumbList","@id":"https:\/\/www.formations-bien-etre.com\/es\/produit\/praticien-personnes-agees-handicap-moteur\/#breadcrumb","itemListElement":[{"@type":"ListItem","position":1,"name":"Home","item":"https:\/\/www.formations-bien-etre.com\/es\/"},{"@type":"ListItem","position":2,"name":"Boutique bien-être","item":"https:\/\/www.formations-bien-etre.com\/?page_id=566"},{"@type":"ListItem","position":3,"name":"Practicante para ancianos y personas con discapacidad motriz"}]},{"@type":"WebSite","@id":"https:\/\/www.formations-bien-etre.com\/#website","url":"https:\/\/www.formations-bien-etre.com\/","name":"Formation Sophrologie Massage à Distance","description":"Institut de formation en sophrologie et en bien-être","potentialAction":[{"@type":"SearchAction","target":{"@type":"EntryPoint","urlTemplate":"https:\/\/www.formations-bien-etre.com\/?s={search_term_string}"},"query-input":{"@type":"PropertyValueSpecification","valueRequired":true,"valueName":"search_term_string"}}],"inLanguage":"es"}]}</script>
<!-- / Yoast SEO plugin. -->

Practicante para ancianos y personas con discapacidad motriz - Formation Sophrologie Massage à distance

Praticien personne âgée et handicap moteur. Votre mission sera de lui montrer qu’elle est encore riche en sensations de bien-être et de le lui faire vivre

Les personnes âgées reçoivent-elle assez de soins et d'amour ?

Praticien personne âgée et handicap moteur. Votre mission sera de lui montrer qu’elle est encore riche en sensations de bien-être et de le lui faire vivre.

Formation Sophrologie Massage à distance

Formations Massages personnes âgées et soins bien-être à distance Ain Rhône Alpes Vendée région Parisienne

Boutique bien-être

Formation Sophrologie Massage à Distance

Institut de formation en sophrologie et en bien-être
